 7*j + 2. What is the remainder when 570 is divided by c(-2)?
42
Suppose -3*h = -2*h. Let z be (-4)/((-8)/28 + h). What is the remainder when 17 is divided by (105/z)/(3/4)?
7
Suppose -5*l + 37 = -8. Let f = l - 2. Suppose 3*v - 80 = 4*r, 0 = 5*v - 19*r + 24*r - 75. Calculate the remainder when v is divided by f.
6
Let g = 29 + 160. Suppose 0 = 3*a - d - 159, -39 = 3*a + 2*d - g. Calculate the remainder when a is divided by 2*6 + 12/(34/17).
16
Suppose -4*j + 3*d = -271, -2*d + d - 5 = 0. Suppose 3*a - 8 = j. Calculate the remainder when 4*(-1 + 49/2) is divided by a.
22
Let i = -8 - -18. Calculate the remainder when i is divided by -136 + 125 - (-13 - 1).
1
Let v be (-8)/6*3 - -126. Let w = -30 + v. Calculate the remainder when w is divided by 31.
30
Suppose 0 = 4*r - 334 - 58. Let y = r + -62. Suppose 0 = 5*k + 2*n - y, 5*k - 2*n = -0*n + 44. What is the remainder when 13 is divided by k?
5
Suppose -5*x = 2*g - 2, -4*x + 2*g - g - 1 = 0. Suppose 4*m + 4*j = -x*m + 136, 0 = -5*m - 4*j + 172. Calculate the remainder when 105 is divided by m.
33
Let f = 95 - 65. Suppose 9*b - f = 3*b. Suppose 0 + 65 = b*j. What is the remainder when 36 is divided by j?
10
Let y = 109 - 189. Let a = -43 - y. What is the remainder when 105 is divided by a?
31
Let r(n) be the first derivative of n**4/2 - n**3 + n**2 + n - 7. Calculate the remainder when r(4) is divided by 46.
43
Suppose 105 = -5*x + 345. Let f = -28 - -43. Calculate the remainder when x is divided by f.
3
Suppose 2*a + 1 = 1. Suppose a = 7*y - 18 - 59. Calculate the remainder when 51 is divided by y.
7
Let r = 48 - 8. Suppose 0 = -8*t + 188 - 20. Let c = 42 - t. What is the remainder when r is divided by c?
19
Suppose -4*c + 2*l = -56, 3*c + 4*l + 13 - 77 = 0. Let f(w) = -3*w**3 + 22*w**2 - 18*w + 9. What is the remainder when f(6) is divided by c?
13
Suppose 18*i + 0*i - 1332 = 0. Calculate the remainder when i is divided by 38.
36
Let u(m) = 27*m - 795. Calculate the remainder when 113 is divided by u(30).
8
Calculate the remainder when 1/(-3)*(-496 + (-2 - -9)) is divided by 76.
11
Let y(i) = -i**3 - 9*i**2 - 13*i - 9. Let o = -48 + 40. Suppose 5*d - 64 = d. Calculate the remainder when y(o) is divided by d.
15
Let o = -15 - -3. Let c be (-7)/2 + (-2)/4. What is the remainder when (-1)/c - 237/o is divided by 11?
9
Let w = 281 - 498. Let n = w - -118. Calculate the remainder when 43 is divided by n/(-9) + (4 - 0).
13
Let m = -4 - -4. Suppose m = 2*s - 5 - 31. What is the remainder when 17/((-612)/(-8)) - (-457)/9 is divided by s?
15
Let l = -43 - -48. What is the remainder when 39 + (16/4 - l) is divided by 21?
17
Let k(u) = -u + 4. Let l be k(3). Suppose 4*z + 9 = l. Let s = 32 + z. Calculate the remainder when s is divided by 17.
13
Suppose 6*n + 2*r + 23 = 3*n, r + 8 = -n. Calculate the remainder when n/(-4) - 4/(-16) is divided by 1.
0
Let s(u) = -3*u - 50. Let a be s(-18). What is the remainder when (a/16)/(1/(-564)*-3) is divided by 10?
7
Let q = -1980 + 2031. Calculate the remainder when 414 is divided by q.
6
Let b be 20/12 - 582/(-18). Suppose -2*j - u = -25, 6*j = 3*j + 2*u + b. Calculate the remainder when 45 is divided by j.
9
Suppose -39 = -3*p + c, 5*p + 5*c - 28 - 17 = 0. Suppose 0 = -x - x + p. Calculate the remainder when 21/(-3)*(-10 + 7) - 0 is divided by x.
3
Suppose o - 39 = -2*i, 4*o + 12*i - 13*i = 183. Calculate the remainder when 204 is divided by o.
24
What is the remainder when (200/(-30) - -8)/(1/198) is divided by 92?
80
Let v = -264 + 273. Suppose -9 = -2*h + 3. Calculate the remainder when v is divided by h.
3
What is the remainder when (88 + -84)*(-163)/(-4) is divided by 63?
37
Let l = -137 + 232. Let w = 192 - l. Calculate the remainder when w is divided by 33.
31
Let j be ((-24)/20)/3*40. Let g(d) be the second derivative of -d**5/20 - 5*d**4/4 + 5*d**3/2 - 5*d**2 - 5*d. What is the remainder when 16 is divided by g(j)?
4
Let y = -118 - -134. Calculate the remainder when 93 is divided by y.
13
Let i = 29 + 24. Suppose 5*j - 2*a + 7*a - 150 = 0, -5*j - a + 142 = 0. Calculate the remainder when i is divided by j.
25
Calculate the remainder when 42 is divided by (-11 - -4 - -7) + 15.
12
Let t be 3181 - (-1 - -1) - -2. What is the remainder when 15/35 + t/21 is divided by 14?
12
Suppose -31 - 97 = -8*s. Suppose -o - 12 = -42. Calculate the remainder when o is divided by s.
14
Suppose z + 2 = 2*z. Let s be z/(-9) + (-87)/(-27). Suppose -2*y - 27 = -3*k - 7*y, 3*k = s*y + 51. What is the remainder when k is divided by 5?
4
Let r be 345/(-30) + (-2)/4. Let f = 11 - r. Calculate the remainder when 42 is divided by f.
19
What is the remainder when 610/4*36/90 is divided by 24?
13
Suppose 83*w - 26056 = -1737. What is the remainder when w is divided by 20?
13
Let r(m) = 2*m**3 + 6*m**2 + 22*m - 9. Let g(x) = 5*x**3 + 11*x**2 + 44*x - 17. Let y(p) = 3*g(p) - 7*r(p). Calculate the remainder when 59 is divided by y(11).
11
Let g = -10 + 17. Suppose 0 = g*x - 5*x - 32. What is the remainder when 60 is divided by x?
12
Let j be (-2 - (-3)/6)*(-20)/15. Suppose -4*q - j*f = -58, 3 + 0 = f. Calculate the remainder when 49 is divided by q.
10
Suppose -19*b = 29 - 3639. Calculate the remainder when b is divided by 16.
14
Let a = 53 + -43. What is the remainder when 3*(1 - 80/(-12)) is divided by a?
3
Let q = -73 + 93. Suppose -2*i + 5*h = -2, -6*h = -h - q. Calculate the remainder when 19 is divided by i.
8
Let l(a) = a**2 + 7*a + 5. Let i be l(-7). Suppose -i*v = 4*c - 61, 5*c - 72 = -0*v - 2*v. Let n = c - 6. What is the remainder when n is divided by 3?
2
Suppose 36 + 94 = -2*b. What is the remainder when 32 is divided by 10/b - 236/(-13)?
14
Suppose -273 = 3*z - 66. What is the remainder when 26 is divided by (-2)/(-6) + z/(-9) - 3?
1
Let x = 35 - 25. Suppose -3*o + 103 = -5*q - 3, -2*q = o - 39. Calculate the remainder when o is divided by (-21)/(-2) + (-5)/x.
7
Suppose 4*d + 4*u - 74 = 2*d, 3*u = 3*d - 93. Let c = d - 21. Calculate the remainder when 6*(15/2 - 0) is divided by c.
9
Let f(g) = g + 15. Let c be f(-12). Let w(z) = 3*z**2 + 2 + 12*z**2 - z**2 - c*z. Calculate the remainder when 37 is divided by w(1).
11
Let k = 33 - 30. What is the remainder when 12 is divided by (k + -14 + -3)/(-2)?
5
Let n(p) = 5*p**2 + 17*p + 25. What is the remainder when n(-4) is divided by 20*-1*(-2 + 1)?
17
Suppose 17*g - 16*g = 15. Suppose 0*x = -x - 2*k + 96, 5*x - 424 = 4*k. What is the remainder when x is divided by g?
13
Suppose -350 = -3*c - 2*c. Let g = -48 + c. What is the remainder when (-3)/9 + g/3 is divided by 3?
1
Let h be ((-18)/4)/((-6)/20). Let o(z) = 10*z + 1. Calculate the remainder when o(1) is divided by 1 - (-5)/(h/9).
3
Suppose -t - 3*y + 20 = -53, 5*y = 20. Suppose 0 = -t*z + 63*z - 46. What is the remainder when 136 is divided by z?
21
Let a(m) = 28*m + 9. What is the remainder when a(0) is divided by 2?
1
Let h be 0/(-3) + -70 + (-8)/2. Let o = h - -86. What is the remainder when o is divided by 7?
5
Suppose -2*b = -0*b - 160. Suppose -t + b = t. Let h = t + -29. Calculate the remainder when 42 is divided by h.
9
Let k(i) = -i**2 - i + 31. Let z = -54 - -153. Suppose 5*a - 274 = -z. What is the remainder when a is divided by k(-4)?
16
Let c(j) = -89*j - 17. Calculate the remainder when c(-7) is divided by 21.
18
Let s(l) = -55*l + 2. What is the remainder when s(-1) is divided by 27?
3
What is the remainder when (104/7)/((-130)/(-455)) is divided by 25?
2
Let j be ((-2)/(-8))/(2/8). Let c = j + -6. Calculate the remainder when 55 is divided by (c - -2)/(9/(-42)).
13
Let w = -1025 + 1749. What is the remainder when w is divided by 66?
64
Suppose -4*x = 4*c - 124, -126 = 10*x - 14*x - 2*c. Calculate the remainder when 88 is divided by x.
24
Suppose l + 0*m + 2*m - 3 = 0, 0 = -5*l - 4*m + 45. Suppose -9*y - 108 = -18*y. Calculate the remainder when l is divided by y.
1
Let z be (-2)/(-2) - (-2 + -28). Suppose s = -0*s + z. Calculate the remainder when s is divided by 17.
14
Suppose 0 = -5*w + w - 3*n + 33, 0 = -3*w + 5*n + 61. Suppose -5*t + 10*t = -55. Let r = t + w. Calculate the remainder when 1 is divided by r.
0
Let t(y) = -10*y + 2. Let z be 0/2 + 1148/14. Suppose -5*a + z = 2. What is the remainder when t(-6) is divided by a?
14
Suppose 0 = -2*h - p + 13